4
Suppose f - 5*w - 46 = 0, 4*w = 4 - 0. Let m(b) = -4*b + 31*b - 17 - 10*b. Let y be m(3). Calculate the highest common divisor of f and y.
17
Let j(d) = -d**3 + 13*d**2 + 18*d - 1. Let k be j(14). Suppose k = 12*u - 7*u. Calculate the greatest common factor of u and 22.
11
Suppose -4*u + 309 = -3*q, 2*u - 2*q = -2*u + 314. Let s = u - 42. What is the highest common factor of s and 52?
13
Let y be (-2)/((-4750)/(-680) + -7). Calculate the greatest common factor of y and 34.
34
Suppose -5*u + 3*o + 3622 = 0, o = 2*u - 564 - 885. What is the greatest common factor of 58 and u?
29
Let m(f) = -7*f + 48. Let k(q) = 6*q - 49. Let l(j) = -4*k(j) - 3*m(j). Let n be l(0). What is the greatest common divisor of 13 and n?
13
Let z(i) = i**3 - 5*i**2 - i + 30. Let r be z(5). What is the highest common divisor of 775 and r?
25
Let y = -90 + 116. What is the greatest common divisor of 416 and y?
26
Suppose 0 = -3*y - y - 5*h + 733, -2*y = 2*h - 368. What is the highest common divisor of 17 and y?
17
Let p = 67 + -46. Let a be (-1)/2*(150 - 156). Calculate the greatest common factor of a and p.
3
Let p = -260 - -305. Let k be (-6)/(-3)*15/(-6). Let v = 4 - k. What is the greatest common divisor of v and p?
9
Let m(a) = 2*a**3 + 88*a**2 - 93*a - 90. Let y be m(-45). Let x = 54 - 36. What is the greatest common divisor of x and y?
9
Let h(g) = 350*g**2 - g + 3. Let w be h(-3). Let b be 16/(-14) - -1 - w/(-42). What is the highest common factor of 30 and b?
15
Let i = -361 + 513. Calculate the highest common factor of i and 38.
38
Let y = -2144 - -2150. What is the greatest common divisor of y and 174?
6
Let l = -32 + 38. Suppose s - 3*p - 36 = 0, 5*s + 0*p = -4*p + 104. Calculate the highest common divisor of l and s.
6
Suppose -27*l - 112 - 55 = -815. Suppose 4*i - 828 = -5*s, -s + 161 = -i - 10. Calculate the highest common divisor of l and s.
24
Let a(p) = -6*p - 4. Let m be a(-38). What is the highest common factor of 42 and m?
14
Let i(w) = 27*w**3 - 2*w**2 - 7*w + 8. Let n be i(1). What is the greatest common factor of 91 and n?
13
Let y(i) = -54*i + 331. Let j be y(6). Calculate the greatest common factor of j and 189.
7
Let w be (-1 - -153) + -7 + 8. Let b(g) = -3*g - 7. Let q be b(-8). What is the highest common factor of w and q?
17
Suppose -3*m + 6 = 0, 0 = -5*f + 3*m - 10 - 16. Let t(z) = -2*z**3 - 8*z**2 - 8*z + 8. Let h be t(f). What is the greatest common divisor of h and 8?
8
Let p(k) = -34*k - 124. Let n be p(-10). Calculate the greatest common divisor of 162 and n.
54
Let f(x) = x**3 - 3*x**2 + 8*x + 4. Let d be f(6). Suppose 0 = -125*m + 120*m + d. Calculate the highest common divisor of m and 4.
4
Let j(i) = -30*i**3 + i**2 - 2*i + 1. Let o be j(1). Let a = 41 + o. What is the highest common factor of 44 and a?
11
Suppose 59 = -5*t + p, -3*p = 3*t + 38 + 1. Let z = -18 - t. Let q be (4/6)/(z/(-117)). Calculate the greatest common divisor of 91 and q.
13
Suppose 0 = 4*v + 2*p - 70, -5*p = -8*v + 4*v + 105. Suppose -3*w + w = -v. Let m be (-4)/w - (-24)/10. What is the greatest common factor of m and 14?
2
Let h be (-6904)/(-20) - (-5)/(-25). Calculate the highest common divisor of 207 and h.
69
Let l(o) be the first derivative of -o**4/4 + 11*o**3/3 + o**2 + 5*o + 7. Let c be l(11). What is the greatest common factor of 9 and c?
9
Let t = 9 + -17. Let j be (-7 - t)*(9 + 2). Suppose -p - 2*q + 0 = -j, 3*q - 69 = -5*p. Calculate the highest common divisor of 60 and p.
15
Let v = 39 + -40. Let d(c) = -16*c**3 - 2*c**2 + 1. Let k be d(v). Let r = -49 - -199. What is the highest common divisor of r and k?
15
Suppose 5*u + 22 = -3. Let j be 2/5 - 28/u. Calculate the highest common divisor of 54 and j.
6
Let g be (75/(-50))/(1/(-12)). What is the highest common factor of g and 162?
18
Let x be (2/4 - 2)*-8. Let h = x + -9. Suppose -m = f - 4*m - 33, 0 = 5*f + h*m - 183. What is the highest common divisor of f and 4?
4
Let r = -1 + 1. Suppose r = -4*n + 54 + 26. Let v(z) = 2*z**2 + 7*z + 1. Let i be v(-7). What is the highest common factor of n and i?
10
Suppose 3360 = 7*b - 2373. What is the highest common divisor of 78 and b?
39
Let w = 93 - 91. Let c be (7/14)/(w/108). What is the greatest common divisor of c and 270?
27
Let n = -17 + 22. Let l be n + -4 + 8 + -4. Calculate the greatest common divisor of 20 and l.
5
Suppose 43*a = l + 40*a - 445, 2235 = 5*l - 5*a. Calculate the highest common factor of 7 and l.
7
Let l(k) = k + 8. Let a = 72 + -69. Let b be l(a). Calculate the greatest common divisor of b and 110.
11
Suppose -3*l + l - 53 = 5*u, 2*l + 47 = -3*u. Let s = l - -31. Let m be -36*(1 - s/8). Calculate the highest common factor of 9 and m.
9
Let m(x) = 1 - 9*x**2 - 4*x - 4 + 21*x**2. Suppose -3*o - o - 5*v = -13, 0 = -v + 5. Let k be m(o). What is the greatest common factor of k and 13?
13
Let v be (-1)/3 + (-171)/(-27). Suppose -4*g = 2*k - 140, -v*k + 3*k + 250 = -4*g. Calculate the highest common divisor of k and 52.
26
Suppose 5*q - 119 = 4*g, 0*q - g + 58 = 2*q. Let m(v) = q*v - 27 - 61*v + 32*v. Let w be m(-18). Calculate the greatest common divisor of 99 and w.
9
Let z(r) = -2*r**3 - 104*r**2 + 105*r - 23. Let f be z(-53). What is the highest common divisor of 570 and f?
30
Let z(q) = -q**3 + 8*q**2 - 6*q + 3. Let y be z(7). Let v = -80 - -90. Calculate the highest common factor of v and y.
10
Suppose -29*h + 3*h + 12636 = 0. Calculate the greatest common divisor of h and 54.
54
Let o = 129 - 129. Suppose o = 47*d - 45*d - 352. What is the highest common divisor of 22 and d?
22
Let t be 4 + -3 + (-3)/(-3). Suppose 60 = x + t*x. Calculate the greatest common factor of 30 and x.
10
Let l(n) = -2*n**3 + n**2 + 3. Let j be l(-2). Suppose -j = -5*b - 13. What is the highest common divisor of b and 12?
2
Let q = -45 - -48. What is the highest common factor of 2 and q?
1
Let k be (-15)/(-3)*70/25. Let q be 24/15 + 2/5. Suppose -2*g + 0*w = 3*w - 54, w - 46 = -q*g. What is the greatest common factor of k and g?
7
Suppose -2*y + 3*y - 76 = -4*g, 5*y + 4*g = 364. Let t = 382 + -373. Calculate the highest common factor of y and t.
9
Let z(a) = -15*a + 6. Let q be z(-6). Let r = 170 - 158. What is the highest common factor of q and r?
12
Let f be (-1)/(-2 + (-345)/(-175)). What is the highest common factor of f and 385?
35
Suppose -2*n + x = -17 - 1, -5*n = x - 52. Let w(u) = -u + 13. Let j be w(n). What is the highest common divisor of j and 21?
3
Let h be ((-44)/8)/(1/2). Suppose n + 7 = 8. Let w be ((-23)/n*h)/1. What is the highest common divisor of w and 23?
23
Let j = -20 - 2. Let w = -89 + 125. Let o = j + w. What is the highest common factor of o and 35?
7
Let a be 202/18 + (-4)/18. Calculate the greatest common factor of 33 and a.
11
Suppose 2*v - 134 = -4*b, 2*b - 136 = 2*v - 4*v. Suppose -2*a + 76 = -4*w, -a - 7*w + 62 = -3*w. What is the greatest common factor of v and a?
23
Let c be 194/6 - (-10)/6. What is the highest common divisor of 34 and c?
34
Let u(w) = -w**2 + 6*w + 17. Let x be u(8). Let l(r) = -r**3 - 6*r**2 - 4*r + 7. Let v be l(-5). What is the highest common factor of x and v?
1
Suppose -1195 - 725 = -30*t. Calculate the highest common factor of t and 56.
8
Suppose 1642 = -69*c + 6058. Let q be (6/4)/((-6)/(-64)). Calculate the highest common factor of q and c.
16
Suppose 0*v + 1176 = 2*k - 2*v, -2*v = 0. Calculate the highest common factor of 12 and k.
12
Suppose 12*p + 48 = 144. Calculate the highest common factor of p and 488.
8
Let z(v) = 3*v - 16. Let h be z(6). Suppose h*d - 108 = -2*d. What is the highest common factor of d and 18?
9
Let d = 537 - 535. Calculate the greatest common factor of d and 2.
2
Let l(u) = u**2 + 10*u + 7. Let y be l(-8). Let z(x) = -19*x + 6. Let s be z(y). Let w = s + -121. What is the highest common divisor of w and 84?
28
Suppose -5*a = -5, 15*d + 18961 = 20*d + a. What is the highest common factor of 79 and d?
79
Suppose 11*a + 70 = x + 9*a, 2*x + 5*a = 149. Calculate the greatest common factor of x and 2232.
72
Let h(a) = 38*a + 1. Suppose 2*o = 5 - 1. Let g be h(o). Let z = g - 33. What is the greatest common divisor of 11 and z?
11
Suppose -294 = -0*f - 14*f. What is the greatest common divisor of f and 1029?
21
Suppose 6*w - 15 = 15. Suppose 2*j = -w*d + 68, -j - 3*j + 6